 56*d. What is the hundreds digit of d?
5
Let p(z) = -z**3 + 17*z**2 - 15*z + 6. Suppose 0 = w - 13*w + 168. What is the hundreds digit of p(w)?
3
Suppose 75 + 171 = 2*u. Suppose 3 + 3 = 3*f, -3*f = -s + u. What is the units digit of s?
9
Let m = -2039 + 2364. What is the units digit of m?
5
Let y = 22543 + 25155. What is the ten thousands digit of y?
4
Let m = 75 + -69. Let g(j) = 0*j - 2*j + 10*j + m*j + 5. What is the tens digit of g(3)?
4
Let f = 2771 - -44128. What is the units digit of f?
9
Suppose -5*w = -2*o - 2*w + 6, -4*w - 8 = 5*o. Suppose -5*r + 3045 = 5*a, o = 2*a - 4*r - 189 - 1005. What is the tens digit of a?
0
Let t(u) = 1816*u**2 - 1818*u**2 + 35 - 2*u**3 + 17*u + 0*u. What is the hundreds digit of t(-6)?
2
Suppose 3*k = 9 + 6. Let b(n) = k + n**2 - 3 - 17. What is the tens digit of b(-7)?
3
Suppose 8513 = 20*v - 2407. Suppose v = 2*p - 5*c, -3*c - 8 = c. What is the hundreds digit of p?
2
Let m(t) be the third derivative of 0 - 24*t**2 - 1/120*t**6 + 1/8*t**4 - 1/30*t**5 + 0*t + 2/3*t**3. What is the units digit of m(-3)?
4
Suppose 10*c + 1 = 61. Suppose c*q + 220 = 952. What is the units digit of q?
2
Suppose -5*x = k + 18, -8 = 4*k - 9*x + 13*x. Suppose 4*p - o - 1615 = 1136, -3*p + k*o = -2067. What is the hundreds digit of p?
6
Suppose -18585 = 5*j - 146490. What is the thousands digit of j?
5
Suppose -5*c + 89 + 91 = 0. Suppose 2*b - 4*v = -c, -b - 2*v - 3*v - 11 = 0. What is the units digit of 32/b + (-161)/(-1)?
9
Suppose -3*i = 3*x - 8589, 0 = -4*x + 4*i - 4754 + 16238. Suppose 3*q = -5*m + 1728, 5*q - x = -49*m + 45*m. What is the hundreds digit of q?
5
What is the tens digit of (-43829)/(-3) + 10/(-18)*972/810?
0
Suppose -5*z = -5*v - 3*z + 9, -3*z = -3*v. Suppose u - 3*u - 3*m = -9, -3 = -v*m. Suppose -u*r - 6 = -15. What is the units digit of r?
3
What is the ten thousands digit of (12428 - -5) + -6*3/3?
1
Suppose 40*o + 27311 - 331071 = 0. What is the units digit of o?
4
Suppose -2*f + 42 = 3*j, -7*f + 3*f = 5*j - 68. Let c(v) = 22*v - 63. What is the units digit of c(j)?
9
Let u(i) = -i**3 - 104*i**2 - 359*i + 1508. What is the tens digit of u(-104)?
4
Suppose -62268 = -3*h - 3*u, 311*h + 2*u = 306*h + 103786. What is the thousands digit of h?
0
Let t(j) = j**3 - 10*j**2 + 17*j - 17. Let x be t(8). What is the tens digit of -205*((-6)/(-3))/(10/x)?
6
Let z(g) = -2*g**3 + 33*g**2 + 18*g - 17. Let k be z(17). Let l(r) = -9*r + 50. What is the units digit of l(k)?
0
Let t(b) = b**3 - 31*b**2 + 27*b - 77. Let p = 274 - 243. What is the hundreds digit of t(p)?
7
Suppose 32*d - 33695 = -t + 36*d, 269560 = 8*t + d. What is the thousands digit of t?
3
Suppose 3*m + 10 - 4 = 2*h, 3*h = 3*m + 9. Let w(y) = 169*y - 72. What is the units digit of w(h)?
5
Let l be 2/(-7) + (-75)/7. Suppose 3*x + 1170 = -7*f, 5*x = -2*f - 267 - 88. Let d = l - f. What is the units digit of d?
4
Let x(g) = -47*g - 3. Let o(k) = 140*k + 10. Let q(c) = 4*o(c) + 11*x(c). Let j be q(-2). Let h = j + 353. What is the hundreds digit of h?
2
Let q(n) = 3606*n**2 + 584*n - 2325. What is the tens digit of q(4)?
0
Suppose -4*x - 1 = -5*x. Let a be (-6 - -2)*x/2. What is the tens digit of (40/7)/(a/(-7))?
2
Suppose -35*p + 1049049 = 104959. What is the ten thousands digit of p?
2
Let v(x) be the second derivative of -x**3 - x. Let z = -20 - -13. What is the units digit of v(z)?
2
Let q(x) = 8*x + 155. Let n be q(-19). What is the units digit of (-5025)/(-100)*40/n?
0
Let o = -17 + 80. Suppose -o - 37 = -4*v. Suppose -2*s = 3*r + 2*r - 805, 0 = -5*s + v. What is the tens digit of r?
5
Let q be (-4)/(-6) - 6230/(-15). Suppose 0 = 5*r + q + 184. What is the units digit of (-2)/(-15) + (-6944)/r?
8
Let m(a) = -18*a**2 + 2*a + 28. Let t be m(8). Let p = t + 1679. What is the tens digit of p?
7
Let u be (-1462)/(-14) + (108/63)/(-4). Let y = u - -163. What is the hundreds digit of y?
2
Let p(a) = -3*a**3 + 5*a**2 + 174. Let g(b) = -2*b**3 + 3*b**2 + 87. Let f(q) = -5*g(q) + 3*p(q). Let o = 23 - 23. What is the units digit of f(o)?
7
Suppose -10*w = -8*w - 24. Let m = w + -7. Suppose -3*i - 2*i = -4*p + 145, -m*p + 4*i = -179. What is the units digit of p?
5
Suppose -4*x + 3*x = -5. Let n(j) = 61*j - 4 - x + 8. What is the tens digit of n(1)?
6
Suppose -5*m + 7212 = h - 4*h, -5740 = -4*m - 5*h. Let w = -782 + m. What is the hundreds digit of w?
6
Suppose 220*i - 223*i - p + 174236 = 0, 4*i - 232317 = -p. What is the ten thousands digit of i?
5
Let r(d) = -d**3 + 5*d**2 - d - 2. Let l(a) = 8*a + 155. Let s be l(-20). What is the hundreds digit of r(s)?
2
Let f be (-76)/14 + 9 - (-3)/7. Suppose 17*c = f*c + 14872. What is the thousands digit of c?
1
Let y = 16 - 1. Let p(o) = o**2 - 13*o - 28. Let d be p(y). Suppose d*x + 3*x + k = 363, 5*k = -x + 87. What is the units digit of x?
2
Suppose 949095 = 799*z - 778*z. What is the ten thousands digit of z?
4
Suppose 5*v - 82*z = -78*z + 62931, 0 = -5*v - z + 62961. What is the tens digit of v?
9
Suppose -j - 2*o = 2108, 6*j + 6304 = 3*j + 4*o. Let v = j - -3012. What is the tens digit of v?
0
Suppose -11*q = -13*q - 3*j + 41277, -9*j - 82509 = -4*q. What is the tens digit of q?
3
Let s be (-10)/((-2 - 0)/10). Suppose 3*x - 2*z = -149, -4*x - 6*z - 193 = -3*z. Let d = s + x. What is the units digit of d?
1
Let o(n) = -26 - 33*n - 6*n + 4*n. Let m be o(-5). Suppose -5*s - 47 = -2*r + m, -490 = -5*r + s. What is the units digit of r?
8
Let r be ((-7)/4)/((-3)/12). Let q(b) = b**2 - 59*b + 867. Let y be q(27). Suppose -y*s + r*s = 308. What is the tens digit of s?
7
Let j = -61 + 65. What is the tens digit of (16/2)/j + 182?
8
Let w be (2 - (1 + 1)) + 5076/18. Let n be -3*1/(-3) - -112. Suppose 0 = -5*s + w + n. What is the units digit of s?
9
Suppose 3*s = s - 642. Let h = -135 - s. What is the hundreds digit of h?
1
Suppose 112*f + 34995 - 774171 = 664968. What is the hundreds digit of f?
5
Suppose 0 = -5*f + 51 - 16. Let l(p) be the first derivative of 2*p**3/3 + p**2/2 - 4*p + 13. What is the units digit of l(f)?
1
Let b = -195942 - -277240. What is the hundreds digit of b?
2
Let c = -21712 - -31983. What is the ten thousands digit of c?
1
Let r(x) be the second derivative of 61*x**3/6 - 31*x**2/2 - 2*x - 11. What is the tens digit of r(6)?
3
Suppose 0 = -k - 1, 42*k = 5*z + 44*k - 23. Let v(l) = 2*l**3 - 7*l**2 + l - 4*l - 6 + 6*l. What is the units digit of v(z)?
4
Suppose 0*h - 5 = 5*h, -j - h = -245. Suppose -2*i - j = -t, 2*t + 3*i + 1216 = 7*t. Suppose t = 5*q + 42. What is the units digit of q?
0
What is the units digit of -7 + 16 + (-24)/8 - -6606?
2
Let r = 77 + -73. What is the tens digit of 1/(10/1350*10/r)?
5
Let u be -1 - -5 - (-1 + 50). Let p be (36/u)/((-2)/820). What is the units digit of 3/(-6)*p/(-4)?
1
Suppose -4*p - 13731 = -3*x, 45*x - 42*x = p + 13722. What is the tens digit of x?
7
Suppose -6*x + 10 = -20. Suppose -1 = -x*d - 1. What is the units digit of 142*1*((-4)/(-8) + d)?
1
Let g be (69/46)/(3/4). Suppose -2*k = -0*v + g*v - 2, -4*v - k + 19 = 0. Suppose v*s = 327 + 123. What is the units digit of s?
5
Let c(g) = 4*g**2 + 10*g**2 + g**2 + 1 + g + 13*g**2. Let u be c(2). Let r = u - -8. What is the hundreds digit of r?
1
Suppose -4*b + 269 = 249, -3*o + 2*b = -21062. What is the units digit of o?
4
Suppose 4*d - 3*x - 501 = 0, -283 = -2*d + 4*x - 9*x. Let k be (-2421)/41 - 32/(-656). Let n = d + k. What is the tens digit of n?
7
What is the units digit of 282 + -13 + 3 - 10?
2
Suppose -279*g + 283*g + 4*l = 12156, 4*g - 12210 = 5*l. What is the thousands digit of g?
3
Suppose -14690 = -2*k - 5*a + 4592, 0 = k - 2*a - 9605. What is the hundreds digit of k?
6
Let z be (-43 - 3)/(15/(-690)). What is the units digit of (-9)/((-27)/z) - (-4)/6?
6
Suppose 2*u - 3*f - 16962 = -0*u, 3*u - 5*f = 25443. What is the hundreds digit of u?
4
What is the hundreds digit of 1364636/140 + 8/(-20)?
7
Let j(u) = 2*u**2 - 6*u - 9 - 20 + 5 - 13. What is the units digit of j(-11)?
1
Let j(q) = -53*q - 106. Let g be j(9). Let u = 1102 + g. What is the tens digit of u?
1
What is the hundreds digit of (-3 - -898)/((-4)/(-4))?
8
Let r(y) = -305*y**2 - 22*y + 26. Let t(g) = -152*g**2 - 11*g + 12. Let j(q) = -3*r(q) + 5*t(q). What is the tens digit of j(-3)?
4
Let j be (1660/(-15))/(2 + (-28)/12). Suppose -4*l - 